9. Let v(l) = -6*i(l) + 13*r(l). Determine v(-2).
-10
Let n = -4 - -11. Let r(d) = 3*d**3 + 5*d**2 + 2*d - 1. Let t(v) = 5*v**3 + 9*v**2 + 3*v - 1. Let c(k) = n*r(k) - 4*t(k). What is c(2)?
5
Let l = -5 - -9. Let m(s) = 0*s + 3*s - l*s + 7 - 2*s. Suppose -9 - 6 = -3*x. Determine m(x).
-8
Let s(l) = -2*l - 8. Let f be s(-5). Let d(i) = -4*i + 2. Determine d(f).
-6
Let d(y) = 20*y - 7. Let j(l) = 7*l - 2. Let g(h) = -6*d(h) + 17*j(h). What is g(0)?
8
Let m = -2 + -2. Let w = m - -4. Let v(i) = -2*i - 6 + i + w*i. Calculate v(-5).
-1
Let z(m) = -m - 2*m + 1 + m. Let y be (-154)/35 + 2/5. Give z(y).
9
Let p(q) = -q**3 + 3*q**2 + 2*q - 3. Let f be p(3). Let k(w) = -2*w. Let j(c) = 2*c. Let h(d) = f*k(d) + 2*j(d). Let i = 0 + 1. Determine h(i).
-2
Let n(s) be the second derivative of -s**6/120 - s**5/60 - s**4/24 + s**3/6 - s. Let r(k) be the second derivative of n(k). Determine r(-1).
-2
Let q(x) be the third derivative of -x**4/3 + 4*x**2. Let k = 40 + -39. What is q(k)?
-8
Suppose 5*o - 55 = -15. Let l be 1/4 + 14/o. Let c(j) = -l*j - j + 5 - 5*j**2 + 4*j**2. What is c(-5)?
-5
Let t(s) = -s**3 + s**2 + 2. Let u(g) = g**3 + g - 1. Let m(d) = t(d) + 2*u(d). Calculate m(-2).
-8
Let t(h) = -2*h**2 - 2*h + 1. Let x be t(-2). Let d(n) = -n**3 - 2*n**2 + 2*n - 4. What is d(x)?
-1
Let y = -8 - -4. Let z = 2 - 2. Let q(w) = 1 + 4*w - 3*w + z*w. Calculate q(y).
-3
Let w(p) = -p - 3. Let q be 4/(-8) + 7/(-2). What is w(q)?
1
Let q(i) = i**2 + i. Suppose -2*w - 4*z - 4 = -2*z, -2*z - 6 = 0. Let v be (2/3*6)/w. Let h = -7 + v. Calculate q(h).
6
Suppose -f = -2*h + 6, f - 2*f + 3*h - 10 = 0. Let l(a) = a**3 - 2*a**2 + a - 2. What is l(f)?
0
Let l(j) be the second derivative of -2*j**3/3 + j**2 - 44*j. Let t be ((-4)/10)/(2/10). What is l(t)?
10
Let o(z) = 13*z**3 - 17*z**2 - 16*z + 4. Let g(y) = 3*y**3 - 4*y**2 - 4*y + 1. Let a(q) = 9*g(q) - 2*o(q). Calculate a(3).
-2
Let k(l) = l**2 - 2*l - 4. Let s be (0 + 2*(-6)/(-16))*4. Calculate k(s).
-1
Let w(g) = g + 3. Let s = 1 + 6. Suppose 3*i = s*i + f - 16, 0 = 3*i + 5*f - 29. Suppose -3*d - x = -9 + 22, -i*d + x = 11. Give w(d).
-1
Suppose 6*t = -70 + 88. Let y(o) = -o - 4. Determine y(t).
-7
Let h(z) be the second derivative of -z**4/4 + z**3/6 + z**2/2 - z. Calculate h(2).
-9
Let p(c) = -6*c**3 + c**2 - 1. Let u be ((-6)/12)/((-1)/(-2)). What is p(u)?
6
Let y(p) = 2*p**2 + p + 3. Suppose -4 = 2*f, 4*h - h + 15 = -3*f. Determine y(h).
18
Suppose -4*c + 16 = -0. Suppose -l + c = u + 2, 0 = -4*u + l - 2. Suppose k + 2*k - 9 = u. Let n(s) = s - 4. What is n(k)?
-1
Let h be 2/5 - 13/(-5). Let x = 1 + h. Suppose 0*d = -d + x. Let a(r) = 2*r - 6. What is a(d)?
2
Let u(q) = -q**2 + 4*q + 5. Let h be (-3 - (-8 + 1)) + 0. Give u(h).
5
Let b(f) = -3*f. Let n be b(-1). Let k(t) = t**3 - 3*t**2 + 3. Give k(n).
3
Let f(w) = -w + 5. Let u be f(5). Let p be (-2)/4*24/(-3). Let z(x) = -p - x + 0*x + 0. Calculate z(u).
-4
Let z(w) be the third derivative of w**6/120 - w**3/6 - 9*w**2. Let k be -3*((-10)/(-6) - 1). Let h be k/8 + 1/4. What is z(h)?
-1
Let h be 12/8*32/(-12). Let j(y) be the first derivative of y**7/840 + y**6/90 - y**4/6 - 2*y**3/3 + 2. Let n(s) be the third derivative of j(s). Give n(h).
-4
Let t(z) = -9 + 0 + 6 - z. Let o = 0 - 2. Let d = o - -2. Calculate t(d).
-3
Let y(x) = -2*x - 8. Let a be 180/(-24) - 1/2. Calculate y(a).
8
Let l(n) = -n**2 - 4*n + 2. Suppose 0 = -2*k - 3*k - 25. Calculate l(k).
-3
Let s(a) = a - 7. Suppose 3*g = f + 5, -3*g - 6*f + 2*f = 20. Give s(g).
-7
Let f(w) = -w**3 + 2*w + 1. Let u be f(-2). Suppose 0 = s + 2*s - 12, -4*g = -u*s + 4. Let y(i) = -1 - i**3 - g*i**2 + i - 4 + 1. Give y(-4).
-8
Let i(n) = -7*n - 1. Let t(s) = s - 1. Let d(v) = -i(v) - 6*t(v). Give d(-3).
4
Let m(y) = 2*y - 4*y**2 + 3*y**2 - 1 - 11*y**3 + 16*y**3. Determine m(1).
5
Let m(p) be the first derivative of p**2 - 2*p - 3. Calculate m(4).
6
Let g(a) = -1. Let s(c) = c**2 + 6*c - 5. Let p(u) = 4*g(u) - s(u). Give p(-7).
-6
Suppose -4 = -5*x - 34. Let y(o) = -3*o + 6. What is y(x)?
24
Let n(a) = a**3 - 6*a**2 + 5*a - 7. Suppose 5*b + 30 + 20 = 0. Let f be b/(-3 - -3 - 2). Determine n(f).
-7
Let q(h) be the second derivative of -h**5/20 + h**4/12 + h**3/6 + h**2/2 - 14*h. What is q(0)?
1
Let q(h) = -h**2 + 5*h + 2. Suppose 0 = 2*j + 2*j. Let u(g) = g + 5. Let y be u(j). Determine q(y).
2
Let x(d) = -d**2 + 5*d - 1. Suppose 3*f + 11 = -2*i, 0*i + 5*f = 3*i - 31. Let z be x(i). Let m(b) = 4 + 0 - 3*b - z. Determine m(-1).
2
Let s(r) = -2*r + 20. Let j be s(9). Let f(h) = -2*h**3 + 2*h**2 + 2*h - 1. What is f(j)?
-5
Let a(s) be the second derivative of 1/2*s**2 + 7*s + 0 - 1/6*s**3. What is a(-3)?
4
Let z(q) = 8*q**2 + 3*q + 2. Let t(i) = -24*i**2 - 8*i - 5. Let j(g) = 3*t(g) + 8*z(g). Let p = -1 - -4. Suppose 0*v + 3*v - p = 0. What is j(v)?
-7
Let l(v) = -1 + 3*v**2 - 2*v**2 + 0*v + 2*v. Let t be l(-3). Let d(s) = 2*s - 2*s + t*s. Calculate d(-4).
-8
Let u(n) be the third derivative of -n**5/60 + n**4/3 + n**3/2 - n**2. Let z be u(8). Let d(j) = j**2 - 2*j - 2. What is d(z)?
1
Let i = -4 + 4. Suppose -5*d + i*d + 10 = 0. Let g(r) = r**2 - 4*r + 2 - 5 - d*r**2. What is g(-5)?
-8
Let i(o) be the first derivative of -3*o**2 + 1/3*o**3 + 0*o - 1. Calculate i(5).
-5
Suppose 2*o - 6 = -2*h, o + 3 = 2*h - 0*o. Let u(s) be the third derivative of -1/2*s**3 + 1/60*s**5 + 0 - 3*s**h + 0*s - 1/6*s**4. Give u(4).
-3
Let c(y) = -y**2 + 5*y**2 + y - 1 - 3*y**2. Suppose g - k - 3 = -2, 3*g - 4*k = 7. Calculate c(g).
5
Let b(j) = -2*j**2 + 6*j - 4. Let a(w) = -w**2 - 1. Let t(m) = -11*m + 5. Let q(k) = 3*a(k) - t(k). Let x(y) = 5*b(y) - 3*q(y). Determine x(-3).
4
Let x(n) = n**2 + 9*n + 9. Let g be x(-8). Let q(a) be the first derivative of 0 + a - 1 - 2*a**2 + 0*a. Determine q(g).
-3
Suppose -4*q + 2*n - 6 = 0, 0 = -5*q - 0*q - 5*n - 15. Let x(c) = -9*c**2 - 11*c + 9. Let f(i) = 4*i**2 + 5*i - 4. Let z(u) = q*x(u) - 5*f(u). Determine z(-3).
-7
Let l(i) = i - 1. Suppose 0 = -3*x - 0*x + 9. Suppose -x*s + 19 = d, 4*s - s + 16 = 4*d. Suppose 5*u - d = 18. Calculate l(u).
4
Let r(o) = 2*o**3 + 4*o**2 + 4*o + 3. Let v(t) = -t**3 + 1 - 4 - 4*t + 7*t**2 + 1. Let x be v(6). Suppose 8*f + x = 3*f. Give r(f).
-5
Let a be (-6)/3*-1 - -3. Suppose a*z = 2 + 3. Let v(x) = -x. What is v(z)?
-1
Let z(m) = -199 - m**2 + 103 + 101. Give z(0).
5
Let v = 2 + -3. Let p = v + 5. Let u(i) = -i**2 + 7*i - 4. Give u(p).
8
Let p(n) = -2*n - 20. Let t(b) = b + 10. Let l(k) = -6*p(k) - 11*t(k). Let r be l(-8). Let j(g) = 1 + 2*g - 3*g - r*g. What is j(-1)?
4
Let b(u) = -1. Let v(l) = l - 5. Let z(k) = 6*b(k) - v(k). Let s(j) = -j**2 - 4*j + 6. Let t be s(-6). Calculate z(t).
5
Let d be (1 - 7)/(-9 + 7). Let s(c) be the second derivative of 0 + c**2 - d*c - c**3 + 1/12*c**4. Give s(5).
-3
Suppose -4*b + 0*a = 3*a - 52, 0 = -b - 5*a + 13. Suppose 0*u = 2*j - u + 7, -2*j + 5*u = -b. Let q(y) = 2*y + 8. What is q(j)?
-4
Suppose 4*h = 5*h - 4*z - 17, 3*h + 2*z = -19. Let x(w) = 3*w - 2. What is x(h)?
-11
Let h(r) = 12*r - 1. Suppose 0 = m - 6*m - 5. Let u be m + -1 - 12/(-4). What is h(u)?
11
Let d(r) = r**2 - r - 1. Suppose 5*h = t - 0*t - 10, 3*t - 17 = 2*h. Suppose 1 = -t*q - 9. Let l be d(q). Let k(c) = -c + 7. Calculate k(l).
2
Let o(g) = -g**2 + 5*g + 1. Suppose 5*a - 3*r + 0 = 6, 4 = -3*a - 2*r. Suppose 0 = -3*f - 4*z + 6, -10*f + 5*f - 4*z + 18 = a. Determine o(f).
-5
Let r(v) = v**2 - 10*v + 11. Let g(n) = -n**3 + 8*n**2 + n. Let b be g(8). Suppose 3*x - 2*x - b = 0. Give r(x).
-5
Let q(h) = -h**2 - h + 1. Let u be 2/((-12)/27)*4/(-9). What is q(u)?
-5
Let c(o) = o**3 - 3*o**2 - 4*o + 2. Suppose -12 = -7*m + 4*m. Give c(m).
2
Suppose v - 5 = 6*v. Let o(y) = -15*y**2 + 1. What is o(v)?
-14
Suppose -2*z - 8 = -6*z. Let m(t) be the third derivative of -z*t**2 + 0*t**5 + 0*t + t**3 + 1/120*t**6 + 0 - 1/24*t**4. Give m(0).
6
Let c(z) = z**2 + 5. Suppose -5*t - 3 = i, -t + 6*t - 5*i = 15. Calculate c(t).
5
Suppose 0 = 2*b + 2*b + 24. Let c = 24 - 17. Let r(h) = -h**2 - 4 - c - 2 + 4 - 8*h. Give r(b).
3
Let x(c) = -c + 1. Let w(v) = v. Suppose 3*o - 3*q = -2*o - 18, -5*o - 13 = 2*q. Let m(r) = o*x(r) + w(r). What is m(3)?
9
Let a(l) = l**2 + 3*l - 2. Let t(b) = -b - 11. Let d = 0 + 13. Suppose d + 8 = -3*i. Let w be t(i). Give a(w).
2
Let q(u) = -3*u + 6